. Let p = o - k. What is the units digit of p?
1
Let d(m) = -8*m - 1. Let l be d(-1). Suppose r - 6*r = f - l, -5*r + 24 = 2*f. What is the tens digit of f?
1
Let s(m) = -m**3 + 1. Let c be s(-3). Suppose 3*h - c = 2. Suppose -v - v + h = 0. What is the units digit of v?
5
Let l(h) = h**3 + 5*h**2 + 5*h + 5. Let y be l(-4). What is the units digit of (4 - y)*8/6?
4
Suppose 0 = -u - 0*u + 4. Suppose -2*z = 5*b + 6, -2*b + 3*b + u*z + 12 = 0. What is the units digit of (0 - -4 - b) + -1?
3
Suppose -2*k + 1 + 5 = h, -3*k + 4 = 4*h. Let g(q) = -q**3 - 2*q**2 - 3*q - 1. Let n be g(h). Suppose -3*o = -2*o - n. What is the units digit of o?
5
Let r(w) = 6*w - 3*w**2 - 6*w - 3 + w**2 + w**3. Let b be r(3). Let u = 7 - b. What is the units digit of u?
1
Suppose -r + 75 + 0 = 0. What is the tens digit of r?
7
Let i be (-4 - -2)/(-1) - 7. Let j = 23 + i. What is the tens digit of j?
1
Suppose m = 5*m. Suppose -4*o + m*o - 117 = -3*y, -o = -5*y + 178. What is the tens digit of y?
3
Suppose 0 = 5*q + 4*s + 15, -q + 2*s - 3 = -3*s. Let y = -4 - q. What is the units digit of y/(1/(2 - 4))?
2
What is the tens digit of (-2840)/(-56) - (-2)/7?
5
What is the tens digit of (-284)/(-11) + 10/55?
2
Let y(s) = s**3 + s**2 + 4*s + 4. Let g be y(4). Suppose g = 2*p + 3*p. What is the units digit of p?
0
Suppose 52*r = 50*r + 146. What is the tens digit of r?
7
Let i = 142 + 33. Suppose 4*j = -j + i. Suppose 6*m = m + j. What is the units digit of m?
7
Suppose 6 = 3*i - 2*i. Let f = i - -6. What is the tens digit of f?
1
Let c(b) = -5*b - 3. Let m(k) = 11*k + 7. Let p(x) = 13*c(x) + 6*m(x). What is the tens digit of p(9)?
1
Let r(l) = -l + 1. Let q be r(-3). Suppose 0 = j + q*j - 65. Suppose -20 = -5*n + 4*h + j, h = -5*n + 23. What is the units digit of n?
5
Suppose -3*o + 4*k = -19, k = 3*o - 20 + 4. Suppose -o*a + 8 = -42. Let x(z) = z**2 - 11*z + 15. What is the units digit of x(a)?
5
Let t(m) = -m + 45. What is the units digit of t(0)?
5
Let i = -10 - 4. What is the tens digit of 6*(i/(-6) + 0)?
1
Suppose -2*q = 34 - 530. What is the hundreds digit of q?
2
Suppose -3*m - 405 = -8*m. What is the units digit of m?
1
Let j = -5 + 7. What is the units digit of j?
2
What is the hundreds digit of (1 + 36)/(2/10)?
1
Let g = 32 + -14. What is the tens digit of g?
1
Let u(m) = m**2 + 11*m + 9. Let v(g) = 5*g + 4. Let k(h) = 2*u(h) - 5*v(h). Let f be k(4). What is the units digit of f/10 - 1/(-5)?
2
Let r = -25 - -17. Let t = 13 + r. Suppose t = 4*i - 7. What is the units digit of i?
3
Let u = 2 + -1. Let k be (-2)/(u*6/(-69)). Let t = k + -4. What is the tens digit of t?
1
Suppose b - 191 + 139 = 0. What is the units digit of b?
2
Let g = 0 + 17. What is the units digit of g?
7
Let n(f) = 2*f + 19. Let x(q) = q + 9. Let u(h) = 4*n(h) - 7*x(h). Suppose -2*o + 2*k = 6, -4*k = -2*o + 3*o + 18. What is the units digit of u(o)?
7
Suppose 69 = h - 3*g, -2*h - g + 313 = 3*h. What is the units digit of h?
3
Let u = 36 + -4. What is the tens digit of u?
3
Suppose -6 = -t - r - 2, 3*r + 13 = 2*t. Suppose 2*p - 35 = -t*b, -b = 2*p + 2*b - 37. Suppose 2*w + 2*w = p. What is the units digit of w?
5
Suppose -3*k + 293 = 2. What is the tens digit of k?
9
Let b be 126/10*(6 + 4). Suppose 4*x - b = -46. Suppose 0 = 2*r - x - 10. What is the units digit of r?
5
What is the units digit of 80/(-12)*(-9)/4?
5
Let v be (39/12 - 2)*4. Suppose -4*o + 8 + 8 = 0, -3*y = v*o - 107. Suppose -11 - y = -5*g. What is the units digit of g?
8
Suppose l - 28 = -l. Suppose 0 = -5*x - l + 129. What is the tens digit of x?
2
Let h be 1/(-3) + 6/18. Suppose -3*x - 56 = 4*r, h = 4*x - 2*r + 3*r + 53. Let o = x + 20. What is the units digit of o?
8
Let b = 33 - 25. What is the units digit of b?
8
Let b(c) be the second derivative of c**5/20 + 5*c**4/6 + 4*c**3/3 - 3*c**2 + 2*c. Let r be b(-9). What is the tens digit of -3 + (3 - r) - -14?
1
Suppose -3*t + 5*t + 2*a - 14 = 0, -26 = -2*t + a. What is the units digit of t?
1
Suppose 5*v = 90 + 75. Suppose v = -2*m + 5*m. What is the tens digit of m?
1
Let z(q) = -q**3 + 6. Let x be z(0). Let k(p) = x*p**2 + 2*p + 4 - 5*p**2 - 2. What is the tens digit of k(-4)?
1
Let o(l) be the third derivative of 0 + 0*l - 1/6*l**4 + 3*l**2 + 1/60*l**5 + 1/3*l**3. What is the units digit of o(5)?
7
Let r = 39 - 5. What is the tens digit of r?
3
Let x be ((-10)/(-4))/(7/42). What is the units digit of x*5/((-30)/(-8))?
0
Suppose -4*t - 39 - 81 = 0. Suppose 2 + 5 = -j. What is the units digit of 4/(-14) + t/j?
4
Suppose -3*a = -0*a - 138. What is the units digit of a?
6
Let x = -25 + 35. Suppose -4*p + 29 = v, -p = -6*p + 4*v + x. What is the units digit of p?
6
Suppose 3*f - 4*p + 4 = 51, -4*p = 5*f - 25. Let q = f + 15. What is the units digit of q?
4
Suppose 0 = 11*o - 16*o + 950. What is the units digit of o?
0
Let z(n) = -2*n**3 + 3*n**2 - n. Let d be z(2). Let w = d - -8. What is the units digit of w?
2
Let r(u) = u**2 - 8*u + 16. What is the units digit of r(10)?
6
Let i be (-64)/(-28) - 6/21. Suppose 3*v = 4*x - 50, 0 = -4*x + i*x + v + 26. What is the tens digit of x?
1
Suppose -2*d = -3*d + 4. Suppose -2*p + 4*p = -d*t + 18, -21 = -2*p - 5*t. What is the units digit of (3 - 5) + p/1?
1
Suppose -4*g + 0*g = 0. Let t(y) = y. Let w be t(6). Suppose g = 2*s - w - 0. What is the units digit of s?
3
Let k = 3 - -9. What is the units digit of (-3)/(-3) - (2 - k)?
1
Let j(h) = 13*h - 31. What is the tens digit of j(7)?
6
Let n(s) = -s - 2. Let z be n(-7). Suppose 0 = z*q - 3*j - 82, 0 = 4*j - 6*j + 2. What is the tens digit of q?
1
Let f be (99/(-12))/(-3)*4. Suppose m - 21 - f = 0. What is the units digit of m?
2
Let q(r) = -17*r**2 + 1. Let a be q(-1). Let i = -10 - a. What is the units digit of i?
6
What is the units digit of (-6)/(1 + -3) + (4 - -89)?
6
Let w be 279/12 - (-1)/(-4). Let g = -93 - -81. Let b = g + w. What is the tens digit of b?
1
Suppose 0 = -r - 2*r + 105. Let x(v) = v**3 + 20*v**2 - 44*v + 2. Let g be x(-22). Suppose i + 35 = 5*n - g*i, -r = -5*n + 4*i. What is the units digit of n?
7
Let w = 8 - 7. What is the tens digit of (-14)/(w/2*-1)?
2
Let u(v) = -v**3 - 4*v**2 - v - 4. Let m be u(-3). Let i(f) = -f**2 - 10*f + 5. What is the units digit of i(m)?
5
Suppose z = 3*p - 21, 2*p = -3*z - 0 + 3. Let q = 4 - p. Let o = q - -3. What is the units digit of o?
1
Let m(q) = -q**3 + 4*q**2 + 2. Let k be m(4). Suppose k*c = -c + 24. Suppose -2*j + c = -0*j. What is the units digit of j?
4
Let x(n) = 4*n**2 + 2*n - 1. Let t be x(1). Suppose 15 = 5*q + t. What is the units digit of q?
2
Let y(w) = 9*w**3 - w**2 - w + 1. Suppose -21 = -b - 4*k, -2*b - 4*k = -9 - 13. Let n be y(b). What is the tens digit of (-1)/4 + 106/n?
1
Suppose 4*p = 4*d + 12, -5*p - d = -2*d - 11. Let k(x) = 2*x + 2. Let c be k(2). What is the units digit of 22/6 + p/c?
4
Let c be 1*(-2 - 1) - -5. Suppose 2*s + 2 = c*r - 0*s, 7 = 4*r - 5*s. Let k = r + 8. What is the units digit of k?
6
Let c = -9 + 2. Let g = c - -16. What is the units digit of g?
9
Suppose 0 = -4*a + 8*a - 156. What is the tens digit of a?
3
Let u = 29 - 15. Let a(y) = y**2 + y + 4. Let n be a(-5). Let c = n - u. What is the units digit of c?
0
Suppose 131 = 3*o - 13. Let l = -11 + o. What is the tens digit of l?
3
Let v = 59 + -9. What is the tens digit of v?
5
Let i = 10 + -3. What is the units digit of i?
7
Let f be 0/1 - (2 - 2). Suppose f*u - 5*r - 24 = -u, -4*u - 2*r = -52. What is the tens digit of u?
1
Let q = 216 - 150. What is the units digit of q?
6
Suppose -6*m + 149 = 23. What is the tens digit of m?
2
Let s(k) = -5*k + 2. Let x(w) = w - 1. Let d(c) = s(c) + 4*x(c). What is the units digit of d(-7)?
5
Let p(m) = m**2 - m + 2. Let w be p(0). What is the units digit of (0 + -30)/((-3)/w)?
0
Let t(s) = s**3 + 4*s**2 + 2*s - 1. Let o be t(-4). Let m(a) = 3*a - 2. Let v be m(3). What is the units digit of (v + -1)/(o/(-12))?
8
Let a(w) = w**3 - 3*w**2 - 6*w - 2. Let b be a(6). Suppose -o = -3*c - 14, -5*o + b = 3*c - 4*c. What is the units digit of o?
4
Suppose f + 3*f - 2 = g, -5*g + 4*f = -54. Suppose a + 22 = -13. What is the tens digit of 172/g - (-10)/a?
1
Suppose 0 = 4*f + 12 + 24. Let w = f + 25. What is the tens digit of w?
1
Let p be 26/12 + 2/(-12). Suppose p*d = 10, -35 = 4*s - 9*s + 2*d. What is the uni